(-1). Let s = o - 12. What is the units digit of s?
6
Let x(p) be the first derivative of p**4/4 + 2*p**3 - p**2/2 - 3*p + 2. Let q be x(-6). Suppose -4*o = 12, -q*o + 0 = 5*l + 4. What is the units digit of l?
1
Suppose -q - 4*q = -15, 0 = p - 5*q - 93. What is the tens digit of p?
0
Let r = -16 + 34. What is the units digit of (-690)/(-54) - (-4)/r?
3
Let s(n) = n**3 - 5*n**2 + 4*n. Let l be s(3). Let x = 8 + l. What is the units digit of x/(-4) - 26/(-4)?
6
Suppose -c = -u + 2*c, 2*u + 3*c = 0. Suppose u*j = -3*j + 36. What is the units digit of j?
2
Suppose 4*q + q = 5*j - 35, -3*j + 35 = 4*q. What is the units digit of j?
9
Let d be 8/6*(-9)/6. Let j(h) = -h**2 + 6*h - 4. Let o be j(5). What is the tens digit of d + 5 - -7*o?
1
Suppose z = q - 19, z + 42 = 2*q - 0*z. Let l = -19 + q. What is the units digit of l?
4
Suppose 0 = g - 5*g - 20. Let v(z) = -2*z + 6. Let x(c) = c - 6. Let y(l) = -2*v(l) - 3*x(l). What is the units digit of y(g)?
1
Suppose -5*q + 5*r = -310, 7 = 2*r + 1. Suppose -q = -0*l - 5*l. What is the units digit of l?
3
Suppose -3*b - 82 = -4*u, 5*b - 23 = -2*u + 31. Suppose u = 2*c + 4*l, -c + 9 = 5*l - 11. Suppose 1 = 2*i - c. What is the units digit of i?
3
Suppose 5*r - 2234 = -199. What is the hundreds digit of r?
4
Suppose 5*y = 6*y + 3*d - 343, 5*d = -5*y + 1755. What is the hundreds digit of y?
3
Suppose 30 = 5*s + 10. Let a(j) = -j + 4*j**3 - 3*j**3 - 3*j**2 + 1 + 0. What is the units digit of a(s)?
3
Let k be -8*(3 + (-2 - 0)). Let c = 29 + k. What is the units digit of c?
1
Let y(h) = -2*h**3 - 12*h**2 + 5*h + 6. What is the tens digit of y(-7)?
6
Suppose -2 = -3*s + 4*s. What is the units digit of ((-3)/s)/((-15)/(-50))?
5
Suppose -9*c + 4*c = 0. Suppose s - 4*k = -c*s, 3*s = 4*k + 24. What is the units digit of s?
2
Let j be -2 - -1 - -2*1. Let r be 0/1 + 2/j. Let p = r + 6. What is the units digit of p?
8
Suppose 2*i + i + 147 = 0. What is the units digit of 102/14 - (-14)/i?
7
Suppose -2*o + 25 = 5. What is the tens digit of (-6)/15 - (-224)/o?
2
Suppose -43 = q - 2*q. What is the tens digit of q?
4
Let z(n) = 4*n**2 - 2*n + 7. Let l(x) = x - 1. Let o(k) = 6*l(k) + z(k). Let s be o(-3). Suppose s = 4*u - 7. What is the units digit of u?
8
Let g be (-169)/(-2) + (-3)/(-6). Suppose 0 = 4*a + a - g. Suppose -3 - a = -4*k. What is the units digit of k?
5
Suppose 4*p = 0, -i - 7 = -3*p + 3. Let g(m) = -4*m - 4. Let a(v) = -9*v - 7. Let w(h) = -2*a(h) + 5*g(h). What is the tens digit of w(i)?
1
Let y be (1 - (0 + -23))*-1. Let u be (0 - y/15)*5. Suppose 24 = 2*c + u. What is the units digit of c?
8
Let b(t) be the second derivative of t**6/60 - t**4/4 + t. Let u(z) be the third derivative of b(z). What is the units digit of u(1)?
2
Let k be (1 - 2)/(3/12). Let j = 12 + k. What is the units digit of j?
8
Suppose -24 = -2*n - 8. Let v be (-14)/(-6) + n/(-24). Suppose -s + l + 13 = 0, v*s - 4*l - 15 - 19 = 0. What is the units digit of s?
9
Let x(p) be the first derivative of -3*p**4/4 + 3*p**2/2 + 3*p + 3. What is the tens digit of x(-2)?
2
What is the tens digit of -2*(16 + 1)*(24 + -26)?
6
Let h(c) = -2*c. Let t be h(1). Let j = -12 - t. Let r = 17 + j. What is the units digit of r?
7
Let x = -36 + 22. Let h be (-4)/x + (-52)/(-14). Suppose p + 5*w + 3 = 3*w, -h*p + w + 6 = 0. What is the units digit of p?
1
Let z(g) = 2*g - 5. Let t = -12 - -18. What is the units digit of z(t)?
7
Suppose 2*u - 93 = -o, 4*o - 2*u - 336 = 2*u. What is the tens digit of o?
8
Let a be 4/10 + 106/10. Let i = a + -6. Suppose 2*u + i*t - 23 = -u, -5*t = -3*u + 13. What is the units digit of u?
6
Let c(l) = 3*l**2 - 3*l + 4. What is the tens digit of c(3)?
2
Suppose 3*s + 886 = 5*d, -d = -0*d - 3*s - 182. What is the units digit of d?
6
Let c(b) be the first derivative of 4*b**3/3 + 1. Let w be c(1). Suppose 0 = -w*t + 5*t - 5. What is the units digit of t?
5
Suppose 5*q - 4*q + 2 = 0. Let m = 1 - q. Suppose 3*a - 20 = -a + 2*x, -25 = -5*a + m*x. What is the units digit of a?
5
Suppose -3*y + 88 = y. Let v be (-3)/(-12) + y/8. Suppose -2*i = 3*n + 8, v*n - 8*n - 12 = 4*i. What is the units digit of i?
2
Suppose 3*k - 4*y = -3*y + 190, k = -y + 58. What is the units digit of k?
2
Let b = -2 + -9. Let z = 5 - b. What is the units digit of z?
6
Let u(h) = -h**3 + 13*h**2 - 14*h - 14. What is the tens digit of u(11)?
7
Let w = -20 + 60. What is the units digit of w?
0
Suppose 0 = 4*p - 3*p. Suppose p = 3*w + 2*w - 10. What is the units digit of (25/(-10))/(w/(-4))?
5
Let y(z) = -z. Let g be y(-3). Suppose g*n - 10 = 8. Suppose 2*f - n = -f. What is the units digit of f?
2
Let v = -1 + -2. Let m be ((-1)/v)/(2/12). What is the units digit of m*3 - (5 + -5)?
6
Let w(y) = y**2 + 8*y + 9. Let z = -3 - -1. Let u(a) = 4*a**2 + 32*a + 36. Let t(q) = z*u(q) + 9*w(q). What is the units digit of t(-8)?
9
Suppose 0 = -2*r - 5*o + 37, 4*r - o = -2*o + 29. What is the units digit of ((-16)/r)/(4/(-30))?
0
Let p = 4 - 1. Suppose -5*j + 5 = 0, 4*t + t - 97 = p*j. What is the units digit of (-2)/3 - t/(-12)?
1
Suppose -4*l + 4*q = 2*q - 46, 5*l - 5*q - 65 = 0. Let m = l - -14. What is the units digit of m?
4
Let g = -6 - -6. Let d(s) = s**3 + s**2 - s. Let p be d(g). Suppose -3*f + 31 = -4*q, 3*f + 4*q + q - 22 = p. What is the units digit of f?
9
Let p(i) = i**2 - 2*i - 3. Let w be p(-4). Suppose 5*b + s - w = 0, 0*b + 17 = 5*b + 2*s. What is the units digit of b?
5
Let z(g) be the second derivative of 7*g**3/6 + 5*g. Let p(x) = -x**2 + 6*x + 10. Let d be p(7). What is the tens digit of z(d)?
2
What is the tens digit of ((-1)/(-2))/(3284/(-1096) - -3)?
3
What is the tens digit of -2*3/(-15)*80?
3
Suppose 3*g - 12 = -3*b, 5*g - 20 + 4 = -3*b. Let c = 51 - 36. Suppose 5*j = 5*t - 50, -t + 4*j = -g*t - c. What is the units digit of t?
5
Let m(l) = -l**2 + 7*l + 2. What is the tens digit of m(5)?
1
Let y = 12 - 0. Let h(f) = -f**3 + 12*f**2 + 3*f - 11. What is the units digit of h(y)?
5
Let h be 46/(-10) + 6/(-15). Let q = h - -7. Suppose -q*l - 3*l = -25. What is the units digit of l?
5
Let n(c) = c**2 + 2*c + 2. Let r be n(-2). Suppose -r*t = -t - 1, 0 = -w - t + 29. What is the tens digit of w?
2
Let l be 3/(-4) + (-3)/(-4). Let m = -5 - l. Let y = 7 + m. What is the units digit of y?
2
Suppose 5*w - 2 = 43. Let l(c) = -c + 8. Let q be l(6). Suppose q*t - 43 + w = 0. What is the units digit of t?
7
What is the units digit of 9/(-6)*(-122)/3?
1
Suppose 2*r + 36 = -2*r. What is the units digit of (-2 + (-3 - r))*2?
8
Let x(s) = 44*s**2 - 2*s - 4. What is the hundreds digit of x(-2)?
1
Let x(m) = 3*m - 3. Let k be x(3). What is the units digit of (42/18)/(2/k)?
7
Let l(f) = -9*f - 18. Let k be l(-6). Suppose -2*p + 4*t = -4*p + k, 4*t - 120 = -5*p. What is the units digit of p?
8
Let x = 27 + -16. Let z = x - 4. What is the units digit of z?
7
What is the units digit of 5*(296/70 + (-6)/14)?
9
Suppose 2*g + 0*n = 2*n + 150, 65 = g + n. Let m = g + -41. What is the tens digit of m?
2
Let u(b) = -b**3 + 2*b + 14. What is the units digit of u(0)?
4
Let u = -79 - -117. What is the units digit of u?
8
Let x be 3/12 + 38/8. Let h = x + -7. Let s = 10 - h. What is the tens digit of s?
1
Let w be (-12)/3*31/(-4). Suppose -r = -3*t + 4*r + w, 0 = 3*t + 2*r + 4. What is the units digit of t?
2
Let j = 56 - 20. Suppose 0*x = -3*x + j. What is the units digit of x?
2
Suppose 0 = 5*z + 5 + 10. Let i = 17 - z. What is the tens digit of i?
2
What is the units digit of 15/10 + ((-1419)/2)/(-3)?
8
Let g = -7 + 9. Suppose 2*n - 5*r = -3*n + 30, -n - r = 0. Suppose -g*u + n = -u. What is the units digit of u?
3
Suppose 30 = -24*b + 29*b. What is the units digit of b?
6
What is the units digit of 3/9 + 220/6?
7
Let m(l) = -l**3 + 7*l**2 - 4*l - 7. Let p be m(6). Suppose 3*s - 1 = 2*s. Let y = p - s. What is the units digit of y?
4
Suppose -22 = 3*s + 20. Let u be (-46)/(-14) - (-4)/s. Suppose c + 10 = u*c. What is the units digit of c?
5
Let u = -21 - -31. Let w be (-255)/(-25) + (-2)/u. Suppose -w = 3*m - 52. What is the units digit of m?
4
Let o = 21 - -25. Suppose l + x - 22 = 0, 4*l - 10 - o = 4*x. What is the tens digit of l?
1
Let w = 2 - -23. Suppose -15 = -5*p + w. What is the units digit of p?
8
Let r be (6/8)/((-1)/24). Let s = 25 + r. What is the units digit of s